{"id":1199,"date":"2021-05-30T14:08:16","date_gmt":"2021-05-30T13:08:16","guid":{"rendered":"https:\/\/treesurgeon.wordifysites.com\/?page_id=2"},"modified":"2025-11-14T14:59:55","modified_gmt":"2025-11-14T14:59:55","slug":"home","status":"publish","type":"page","link":"https:\/\/dongrua.cl\/","title":{"rendered":"Home"},"content":{"rendered":"\n<section class=\"gb-element-e22bbed1\">\n<div class=\"gb-element-c82a3e45\">\n<div class=\"gb-element-87aba39c\">\n<h1 class=\"gb-text gb-text-32ef69fe\">Eficiencia, seguridad y confianza en cada maniobra<\/h1>\n\n\n\n<h2 class=\"gb-text gb-text-ebc9bc55\">Arriendo de Gr\u00faas Pluma en Santiago<\/h2>\n\n\n\n<p class=\"gb-text gb-text-6c9e13fe\">Somos una empresa especializada en <strong>gr\u00faas pluma<\/strong> dedicada al <strong>traslado, carga, descarga y posicionamiento de equipos, maquinarias y estructuras<\/strong>, con un enfoque personalizado y profesional.<\/p>\n\n\n\n<a class=\"gb-text gb-text-2b04f1df\" href=\"tel:56957125144\">Cotizar:  +56957125144<\/a>\n<\/div>\n<\/div>\n<\/section>\n\n\n\n<section class=\"gb-element-7fe46f01\">\n<p class=\"gb-text gb-text-4f37635a\">Nos adaptamos a tus necesidades para garantizar un servicio <strong>seguro, r\u00e1pido y disponible cuando lo necesites<\/strong>.<\/p>\n<\/section>\n\n\n\n<section class=\"gb-element-5ca47ec7\">\n<div class=\"gb-element-350934ba\">\n<img loading=\"lazy\" decoding=\"async\" width=\"2560\" height=\"1920\" class=\"gb-media-23e7aa4d\" src=\"https:\/\/dongrua.cl\/wp-content\/uploads\/2025\/11\/1000000833-scaled.jpg\" title=\"1000000833\" alt=\"\" srcset=\"https:\/\/dongrua.cl\/wp-content\/uploads\/2025\/11\/1000000833-scaled.jpg 2560w, https:\/\/dongrua.cl\/wp-content\/uploads\/2025\/11\/1000000833-300x225.jpg 300w, https:\/\/dongrua.cl\/wp-content\/uploads\/2025\/11\/1000000833-1024x768.jpg 1024w, https:\/\/dongrua.cl\/wp-content\/uploads\/2025\/11\/1000000833-768x576.jpg 768w, https:\/\/dongrua.cl\/wp-content\/uploads\/2025\/11\/1000000833-1536x1152.jpg 1536w, https:\/\/dongrua.cl\/wp-content\/uploads\/2025\/11\/1000000833-2048x1536.jpg 2048w\" sizes=\"auto, (max-width: 2560px) 100vw, 2560px\" \/>\n<\/div>\n\n\n\n<div class=\"gb-element-b930f0bc\" id=\"servicios\">\n<h3 class=\"gb-text gb-text-51d05673\">Servicios de Gr\u00faa Pluma<\/h3>\n\n\n\n<p>Realizamos maniobras precisas y seguras para todo tipo de proyectos industriales, comerciales o particulares:<\/p>\n\n\n\n<p class=\"gb-text-5492a104\"><span class=\"gb-shape\"><svg aria-hidden=\"true\" role=\"img\" height=\"1em\" width=\"1em\" viewBox=\"0 0 512 512\" xmlns=\"http:\/\/www.w3.org\/2000\/svg\"><path fill=\"currentColor\" d=\"M504 256c0 136.967-111.033 248-248 248S8 392.967 8 256 119.033 8 256 8s248 111.033 248 248zM227.314 387.314l184-184c6.248-6.248 6.248-16.379 0-22.627l-22.627-22.627c-6.248-6.249-16.379-6.249-22.628 0L216 308.118l-70.059-70.059c-6.248-6.248-16.379-6.248-22.628 0l-22.627 22.627c-6.248 6.248-6.248 16.379 0 22.627l104 104c6.249 6.249 16.379 6.249 22.628.001z\"><\/path><\/svg><\/span><span class=\"gb-text\"><strong>Arriendo de gr\u00faa pluma<\/strong> por hora o por jornada.<\/span><\/p>\n\n\n\n<p class=\"gb-text-ba60ebe8\"><span class=\"gb-shape\"><svg aria-hidden=\"true\" role=\"img\" height=\"1em\" width=\"1em\" viewBox=\"0 0 512 512\" xmlns=\"http:\/\/www.w3.org\/2000\/svg\"><path fill=\"currentColor\" d=\"M504 256c0 136.967-111.033 248-248 248S8 392.967 8 256 119.033 8 256 8s248 111.033 248 248zM227.314 387.314l184-184c6.248-6.248 6.248-16.379 0-22.627l-22.627-22.627c-6.248-6.249-16.379-6.249-22.628 0L216 308.118l-70.059-70.059c-6.248-6.248-16.379-6.248-22.628 0l-22.627 22.627c-6.248 6.248-6.248 16.379 0 22.627l104 104c6.249 6.249 16.379 6.249 22.628.001z\"><\/path><\/svg><\/span><span class=\"gb-text\">Traslado de contenedores y maquinaria pesada.<\/span><\/p>\n\n\n\n<p class=\"gb-text-bf41decc\"><span class=\"gb-shape\"><svg aria-hidden=\"true\" role=\"img\" height=\"1em\" width=\"1em\" viewBox=\"0 0 512 512\" xmlns=\"http:\/\/www.w3.org\/2000\/svg\"><path fill=\"currentColor\" d=\"M504 256c0 136.967-111.033 248-248 248S8 392.967 8 256 119.033 8 256 8s248 111.033 248 248zM227.314 387.314l184-184c6.248-6.248 6.248-16.379 0-22.627l-22.627-22.627c-6.248-6.249-16.379-6.249-22.628 0L216 308.118l-70.059-70.059c-6.248-6.248-16.379-6.248-22.628 0l-22.627 22.627c-6.248 6.248-6.248 16.379 0 22.627l104 104c6.249 6.249 16.379 6.249 22.628.001z\"><\/path><\/svg><\/span><span class=\"gb-text\">Carga y descarga de materiales sobre cami\u00f3n.<\/span><\/p>\n\n\n\n<p class=\"gb-text-41496ed4\"><span class=\"gb-shape\"><svg aria-hidden=\"true\" role=\"img\" height=\"1em\" width=\"1em\" viewBox=\"0 0 512 512\" xmlns=\"http:\/\/www.w3.org\/2000\/svg\"><path fill=\"currentColor\" d=\"M504 256c0 136.967-111.033 248-248 248S8 392.967 8 256 119.033 8 256 8s248 111.033 248 248zM227.314 387.314l184-184c6.248-6.248 6.248-16.379 0-22.627l-22.627-22.627c-6.248-6.249-16.379-6.249-22.628 0L216 308.118l-70.059-70.059c-6.248-6.248-16.379-6.248-22.628 0l-22.627 22.627c-6.248 6.248-6.248 16.379 0 22.627l104 104c6.249 6.249 16.379 6.249 22.628.001z\"><\/path><\/svg><\/span><span class=\"gb-text\">Posicionamiento y desmontaje de estructuras y equipos.<\/span><\/p>\n\n\n\n<p class=\"gb-text-a85949d9\"><span class=\"gb-shape\"><svg aria-hidden=\"true\" role=\"img\" height=\"1em\" width=\"1em\" viewBox=\"0 0 512 512\" xmlns=\"http:\/\/www.w3.org\/2000\/svg\"><path fill=\"currentColor\" d=\"M504 256c0 136.967-111.033 248-248 248S8 392.967 8 256 119.033 8 256 8s248 111.033 248 248zM227.314 387.314l184-184c6.248-6.248 6.248-16.379 0-22.627l-22.627-22.627c-6.248-6.249-16.379-6.249-22.628 0L216 308.118l-70.059-70.059c-6.248-6.248-16.379-6.248-22.628 0l-22.627 22.627c-6.248 6.248-6.248 16.379 0 22.627l104 104c6.249 6.249 16.379 6.249 22.628.001z\"><\/path><\/svg><\/span><span class=\"gb-text\">Asesor\u00eda y apoyo t\u00e9cnico en maniobras especiales.<\/span><\/p>\n<\/div>\n<\/section>\n\n\n\n<section class=\"gb-element-76026353\" id=\"galeria\">\n<p class=\"gb-text gb-text-02aa6b09\">Galeria<\/p>\n\n\n\n<h3 class=\"gb-text gb-text-2981a467\"><strong>Proyectos y Maniobras<\/strong><\/h3>\n\n\n\n<p class=\"gb-text gb-text-85d3f284\">Contamos con amplia experiencia en traslado, carga y montaje de equipos y estructuras. Aqu\u00ed puedes ver parte del trabajo que realizamos d\u00eda a d\u00eda en terreno.<\/p>\n\n\n\n<div class=\"gb-element-116a8557\">\n<img loading=\"lazy\" decoding=\"async\" width=\"1599\" height=\"899\" class=\"gb-media-3ef770e8\" src=\"https:\/\/dongrua.cl\/wp-content\/uploads\/2025\/11\/WhatsApp-Image-2025-11-13-at-7.19.31-PM-1.jpeg\" title=\"WhatsApp Image 2025-11-13 at 7.19.31 PM (1)\" alt=\"\" srcset=\"https:\/\/dongrua.cl\/wp-content\/uploads\/2025\/11\/WhatsApp-Image-2025-11-13-at-7.19.31-PM-1.jpeg 1599w, https:\/\/dongrua.cl\/wp-content\/uploads\/2025\/11\/WhatsApp-Image-2025-11-13-at-7.19.31-PM-1-300x169.jpeg 300w, https:\/\/dongrua.cl\/wp-content\/uploads\/2025\/11\/WhatsApp-Image-2025-11-13-at-7.19.31-PM-1-1024x576.jpeg 1024w, https:\/\/dongrua.cl\/wp-content\/uploads\/2025\/11\/WhatsApp-Image-2025-11-13-at-7.19.31-PM-1-768x432.jpeg 768w, https:\/\/dongrua.cl\/wp-content\/uploads\/2025\/11\/WhatsApp-Image-2025-11-13-at-7.19.31-PM-1-1536x864.jpeg 1536w\" sizes=\"auto, (max-width: 1599px) 100vw, 1599px\" \/>\n\n\n\n<img loading=\"lazy\" decoding=\"async\" width=\"1599\" height=\"899\" class=\"gb-media-359a6858\" src=\"https:\/\/dongrua.cl\/wp-content\/uploads\/2025\/11\/WhatsApp-Image-2025-11-13-at-7.19.32-PM-1.jpeg\" title=\"WhatsApp Image 2025-11-13 at 7.19.32 PM (1)\" alt=\"\" srcset=\"https:\/\/dongrua.cl\/wp-content\/uploads\/2025\/11\/WhatsApp-Image-2025-11-13-at-7.19.32-PM-1.jpeg 1599w, https:\/\/dongrua.cl\/wp-content\/uploads\/2025\/11\/WhatsApp-Image-2025-11-13-at-7.19.32-PM-1-300x169.jpeg 300w, https:\/\/dongrua.cl\/wp-content\/uploads\/2025\/11\/WhatsApp-Image-2025-11-13-at-7.19.32-PM-1-1024x576.jpeg 1024w, https:\/\/dongrua.cl\/wp-content\/uploads\/2025\/11\/WhatsApp-Image-2025-11-13-at-7.19.32-PM-1-768x432.jpeg 768w, https:\/\/dongrua.cl\/wp-content\/uploads\/2025\/11\/WhatsApp-Image-2025-11-13-at-7.19.32-PM-1-1536x864.jpeg 1536w\" sizes=\"auto, (max-width: 1599px) 100vw, 1599px\" \/>\n\n\n\n<img loading=\"lazy\" decoding=\"async\" width=\"1599\" height=\"899\" class=\"gb-media-0b57cb06\" src=\"https:\/\/dongrua.cl\/wp-content\/uploads\/2025\/11\/WhatsApp-Image-2025-11-13-at-7.19.31-PM.jpeg\" title=\"WhatsApp Image 2025-11-13 at 7.19.31 PM\" alt=\"\" srcset=\"https:\/\/dongrua.cl\/wp-content\/uploads\/2025\/11\/WhatsApp-Image-2025-11-13-at-7.19.31-PM.jpeg 1599w, https:\/\/dongrua.cl\/wp-content\/uploads\/2025\/11\/WhatsApp-Image-2025-11-13-at-7.19.31-PM-300x169.jpeg 300w, https:\/\/dongrua.cl\/wp-content\/uploads\/2025\/11\/WhatsApp-Image-2025-11-13-at-7.19.31-PM-1024x576.jpeg 1024w, https:\/\/dongrua.cl\/wp-content\/uploads\/2025\/11\/WhatsApp-Image-2025-11-13-at-7.19.31-PM-768x432.jpeg 768w, https:\/\/dongrua.cl\/wp-content\/uploads\/2025\/11\/WhatsApp-Image-2025-11-13-at-7.19.31-PM-1536x864.jpeg 1536w\" sizes=\"auto, (max-width: 1599px) 100vw, 1599px\" \/>\n<\/div>\n<\/section>\n\n\n\n<section class=\"gb-element-5c8059bd\">\n<img loading=\"lazy\" decoding=\"async\" width=\"2560\" height=\"1920\" class=\"gb-media-0ed2721e\" src=\"https:\/\/dongrua.cl\/wp-content\/uploads\/2025\/11\/1000000833-scaled.jpg\" title=\"1000000833\" alt=\"\" srcset=\"https:\/\/dongrua.cl\/wp-content\/uploads\/2025\/11\/1000000833-scaled.jpg 2560w, https:\/\/dongrua.cl\/wp-content\/uploads\/2025\/11\/1000000833-300x225.jpg 300w, https:\/\/dongrua.cl\/wp-content\/uploads\/2025\/11\/1000000833-1024x768.jpg 1024w, https:\/\/dongrua.cl\/wp-content\/uploads\/2025\/11\/1000000833-768x576.jpg 768w, https:\/\/dongrua.cl\/wp-content\/uploads\/2025\/11\/1000000833-1536x1152.jpg 1536w, https:\/\/dongrua.cl\/wp-content\/uploads\/2025\/11\/1000000833-2048x1536.jpg 2048w\" sizes=\"auto, (max-width: 2560px) 100vw, 2560px\" \/>\n\n\n\n<div class=\"gb-element-69903f22\" id=\"porque-elegirnos\">\n<p class=\"gb-text gb-text-79133458\">Don Gr\u00faa<\/p>\n\n\n\n<h3 class=\"gb-text gb-text-ebc60c01\">\u00bfPor qu\u00e9 elegirnos?<\/h3>\n\n\n\n<div class=\"gb-element-9907cdc7\">\n<div class=\"gb-element-d930bf8d\"><\/div>\n\n\n\n<div class=\"gb-element-c3d660da\"><\/div>\n<\/div>\n\n\n\n<p class=\"gb-text gb-text-9a7a1e32\">Entendemos que cada operaci\u00f3n requiere precisi\u00f3n y compromiso, por eso contamos con operadores capacitados y equipos en \u00f3ptimas condiciones para garantizar resultados confiables.<br>Trabajamos con responsabilidad y cercan\u00eda, brindando soluciones adaptadas a las necesidades de cada cliente, desde proyectos industriales hasta servicios particulares.<\/p>\n\n\n\n<p class=\"gb-text-5d0c2050\"><span class=\"gb-shape\"><svg aria-hidden=\"true\" role=\"img\" height=\"1em\" width=\"1em\" viewBox=\"0 0 512 512\" xmlns=\"http:\/\/www.w3.org\/2000\/svg\"><path fill=\"currentColor\" d=\"M504 256c0 136.967-111.033 248-248 248S8 392.967 8 256 119.033 8 256 8s248 111.033 248 248zM227.314 387.314l184-184c6.248-6.248 6.248-16.379 0-22.627l-22.627-22.627c-6.248-6.249-16.379-6.249-22.628 0L216 308.118l-70.059-70.059c-6.248-6.248-16.379-6.248-22.628 0l-22.627 22.627c-6.248 6.248-6.248 16.379 0 22.627l104 104c6.249 6.249 16.379 6.249 22.628.001z\"><\/path><\/svg><\/span><span class=\"gb-text\">Atenci\u00f3n personalizada y respuesta r\u00e1pida.<\/span><\/p>\n\n\n\n<p class=\"gb-text-514263d3\"><span class=\"gb-shape\"><svg aria-hidden=\"true\" role=\"img\" height=\"1em\" width=\"1em\" viewBox=\"0 0 512 512\" xmlns=\"http:\/\/www.w3.org\/2000\/svg\"><path fill=\"currentColor\" d=\"M504 256c0 136.967-111.033 248-248 248S8 392.967 8 256 119.033 8 256 8s248 111.033 248 248zM227.314 387.314l184-184c6.248-6.248 6.248-16.379 0-22.627l-22.627-22.627c-6.248-6.249-16.379-6.249-22.628 0L216 308.118l-70.059-70.059c-6.248-6.248-16.379-6.248-22.628 0l-22.627 22.627c-6.248 6.248-6.248 16.379 0 22.627l104 104c6.249 6.249 16.379 6.249 22.628.001z\"><\/path><\/svg><\/span><span class=\"gb-text\">Amplia experiencia en maniobras complejas.<\/span><\/p>\n\n\n\n<p class=\"gb-text-fab76c02\"><span class=\"gb-shape\"><svg aria-hidden=\"true\" role=\"img\" height=\"1em\" width=\"1em\" viewBox=\"0 0 512 512\" xmlns=\"http:\/\/www.w3.org\/2000\/svg\"><path fill=\"currentColor\" d=\"M504 256c0 136.967-111.033 248-248 248S8 392.967 8 256 119.033 8 256 8s248 111.033 248 248zM227.314 387.314l184-184c6.248-6.248 6.248-16.379 0-22.627l-22.627-22.627c-6.248-6.249-16.379-6.249-22.628 0L216 308.118l-70.059-70.059c-6.248-6.248-16.379-6.248-22.628 0l-22.627 22.627c-6.248 6.248-6.248 16.379 0 22.627l104 104c6.249 6.249 16.379 6.249 22.628.001z\"><\/path><\/svg><\/span><span class=\"gb-text\">Flota disponible para proyectos grandes o peque\u00f1os.<\/span><\/p>\n\n\n\n<p class=\"gb-text-c146ddfc\"><span class=\"gb-shape\"><svg aria-hidden=\"true\" role=\"img\" height=\"1em\" width=\"1em\" viewBox=\"0 0 512 512\" xmlns=\"http:\/\/www.w3.org\/2000\/svg\"><path fill=\"currentColor\" d=\"M504 256c0 136.967-111.033 248-248 248S8 392.967 8 256 119.033 8 256 8s248 111.033 248 248zM227.314 387.314l184-184c6.248-6.248 6.248-16.379 0-22.627l-22.627-22.627c-6.248-6.249-16.379-6.249-22.628 0L216 308.118l-70.059-70.059c-6.248-6.248-16.379-6.248-22.628 0l-22.627 22.627c-6.248 6.248-6.248 16.379 0 22.627l104 104c6.249 6.249 16.379 6.249 22.628.001z\"><\/path><\/svg><\/span><span class=\"gb-text\">Cumplimiento riguroso de medidas de seguridad.<\/span><\/p>\n\n\n\n<p class=\"gb-text-a762a9ab\"><span class=\"gb-shape\"><svg aria-hidden=\"true\" role=\"img\" height=\"1em\" width=\"1em\" viewBox=\"0 0 512 512\" xmlns=\"http:\/\/www.w3.org\/2000\/svg\"><path fill=\"currentColor\" d=\"M504 256c0 136.967-111.033 248-248 248S8 392.967 8 256 119.033 8 256 8s248 111.033 248 248zM227.314 387.314l184-184c6.248-6.248 6.248-16.379 0-22.627l-22.627-22.627c-6.248-6.249-16.379-6.249-22.628 0L216 308.118l-70.059-70.059c-6.248-6.248-16.379-6.248-22.628 0l-22.627 22.627c-6.248 6.248-6.248 16.379 0 22.627l104 104c6.249 6.249 16.379 6.249 22.628.001z\"><\/path><\/svg><\/span><span class=\"gb-text\">Operamos en toda la Regi\u00f3n Metropolitana.<\/span><\/p>\n<\/div>\n<\/section>\n\n\n\n<section class=\"gb-element-280a539f\">\n<p class=\"gb-text gb-text-7aa98d22\">Disponibilidad inmediata<\/p>\n\n\n\n<h3 class=\"gb-text gb-text-d45a6eb7\"><strong>Nuestros Servicios<\/strong><\/h3>\n\n\n\n<p class=\"gb-text gb-text-525670e5\">En <strong>Don Gr\u00faa<\/strong> realizamos maniobras seguras y eficientes con <strong>gr\u00faas pluma<\/strong>, adapt\u00e1ndonos a distintos tipos de carga, terreno y requerimientos. Nuestro objetivo es brindar soluciones integrales con la mayor precisi\u00f3n y disponibilidad.<\/p>\n\n\n\n<div class=\"gb-element-fa03bb48\">\n<div class=\"gb-element-d0d6a823\">\n<div class=\"gb-text-d8e41fd5\"><span class=\"gb-shape\"><svg aria-hidden=\"true\" role=\"img\" height=\"1em\" width=\"1em\" viewBox=\"0 0 512 512\" xmlns=\"http:\/\/www.w3.org\/2000\/svg\"><path fill=\"currentColor\" d=\"M256 8C119.033 8 8 119.033 8 256s111.033 248 248 248 248-111.033 248-248S392.967 8 256 8zm0 48c110.532 0 200 89.451 200 200 0 110.532-89.451 200-200 200-110.532 0-200-89.451-200-200 0-110.532 89.451-200 200-200m140.204 130.267l-22.536-22.718c-4.667-4.705-12.265-4.736-16.97-.068L215.346 303.697l-59.792-60.277c-4.667-4.705-12.265-4.736-16.97-.069l-22.719 22.536c-4.705 4.667-4.736 12.265-.068 16.971l90.781 91.516c4.667 4.705 12.265 4.736 16.97.068l172.589-171.204c4.704-4.668 4.734-12.266.067-16.971z\"><\/path><\/svg><\/span><\/div>\n\n\n\n<h4 class=\"gb-text gb-text-d1d67f03\">Arriendo de Gr\u00faa Pluma<\/h4>\n\n\n\n<div class=\"gb-element-dcc2aaca\">\n<div class=\"gb-element-8cc03ac6\"><\/div>\n\n\n\n<div class=\"gb-element-99c854a9\"><\/div>\n<\/div>\n\n\n\n<p class=\"gb-text gb-text-fe4ad38f\">Servicio flexible por hora, jornada o proyecto. Contamos con operadores calificados y equipos en \u00f3ptimas condiciones para ejecutar maniobras con seguridad y rapidez.<\/p>\n<\/div>\n\n\n\n<div class=\"gb-element-50f84b05\">\n<div class=\"gb-text-1af6c505\"><span class=\"gb-shape\"><svg aria-hidden=\"true\" role=\"img\" height=\"1em\" width=\"1em\" viewBox=\"0 0 512 512\" xmlns=\"http:\/\/www.w3.org\/2000\/svg\"><path fill=\"currentColor\" d=\"M256 8C119.033 8 8 119.033 8 256s111.033 248 248 248 248-111.033 248-248S392.967 8 256 8zm0 48c110.532 0 200 89.451 200 200 0 110.532-89.451 200-200 200-110.532 0-200-89.451-200-200 0-110.532 89.451-200 200-200m140.204 130.267l-22.536-22.718c-4.667-4.705-12.265-4.736-16.97-.068L215.346 303.697l-59.792-60.277c-4.667-4.705-12.265-4.736-16.97-.069l-22.719 22.536c-4.705 4.667-4.736 12.265-.068 16.971l90.781 91.516c4.667 4.705 12.265 4.736 16.97.068l172.589-171.204c4.704-4.668 4.734-12.266.067-16.971z\"><\/path><\/svg><\/span><\/div>\n\n\n\n<h4 class=\"gb-text gb-text-1160b337\">Traslado de Contenedores y Maquinaria<\/h4>\n\n\n\n<div class=\"gb-element-7ad5e68e\">\n<div class=\"gb-element-e92fb7e4\"><\/div>\n\n\n\n<div class=\"gb-element-7f317547\"><\/div>\n<\/div>\n\n\n\n<p class=\"gb-text gb-text-ac461701\">Movemos contenedores, equipos y maquinarias pesadas con total cuidado, garantizando una correcta sujeci\u00f3n, transporte y descarga en el punto de destino.<\/p>\n<\/div>\n\n\n\n<div class=\"gb-element-a3ef8a10\">\n<div class=\"gb-text-579cc558\"><span class=\"gb-shape\"><svg aria-hidden=\"true\" role=\"img\" height=\"1em\" width=\"1em\" viewBox=\"0 0 512 512\" xmlns=\"http:\/\/www.w3.org\/2000\/svg\"><path fill=\"currentColor\" d=\"M256 8C119.033 8 8 119.033 8 256s111.033 248 248 248 248-111.033 248-248S392.967 8 256 8zm0 48c110.532 0 200 89.451 200 200 0 110.532-89.451 200-200 200-110.532 0-200-89.451-200-200 0-110.532 89.451-200 200-200m140.204 130.267l-22.536-22.718c-4.667-4.705-12.265-4.736-16.97-.068L215.346 303.697l-59.792-60.277c-4.667-4.705-12.265-4.736-16.97-.069l-22.719 22.536c-4.705 4.667-4.736 12.265-.068 16.971l90.781 91.516c4.667 4.705 12.265 4.736 16.97.068l172.589-171.204c4.704-4.668 4.734-12.266.067-16.971z\"><\/path><\/svg><\/span><\/div>\n\n\n\n<h4 class=\"gb-text gb-text-7127602b\">Carga y Descarga de Materiales<\/h4>\n\n\n\n<div class=\"gb-element-60c34df3\">\n<div class=\"gb-element-6234e485\"><\/div>\n\n\n\n<div class=\"gb-element-9f0909cf\"><\/div>\n<\/div>\n\n\n\n<p class=\"gb-text gb-text-86be339a\">Ofrecemos apoyo log\u00edstico para carga y descarga sobre cami\u00f3n o en obra, asegurando la correcta manipulaci\u00f3n de materiales de construcci\u00f3n, estructuras met\u00e1licas, piezas industriales y m\u00e1s.<\/p>\n<\/div>\n\n\n\n<div class=\"gb-element-6100df51\">\n<div class=\"gb-text-b3bd404c\"><span class=\"gb-shape\"><svg aria-hidden=\"true\" role=\"img\" height=\"1em\" width=\"1em\" viewBox=\"0 0 512 512\" xmlns=\"http:\/\/www.w3.org\/2000\/svg\"><path fill=\"currentColor\" d=\"M256 8C119.033 8 8 119.033 8 256s111.033 248 248 248 248-111.033 248-248S392.967 8 256 8zm0 48c110.532 0 200 89.451 200 200 0 110.532-89.451 200-200 200-110.532 0-200-89.451-200-200 0-110.532 89.451-200 200-200m140.204 130.267l-22.536-22.718c-4.667-4.705-12.265-4.736-16.97-.068L215.346 303.697l-59.792-60.277c-4.667-4.705-12.265-4.736-16.97-.069l-22.719 22.536c-4.705 4.667-4.736 12.265-.068 16.971l90.781 91.516c4.667 4.705 12.265 4.736 16.97.068l172.589-171.204c4.704-4.668 4.734-12.266.067-16.971z\"><\/path><\/svg><\/span><\/div>\n\n\n\n<h4 class=\"gb-text gb-text-bbc57f38\">Posicionamiento y Desmontaje de Estructuras<\/h4>\n\n\n\n<div class=\"gb-element-9fbb919c\">\n<div class=\"gb-element-9020377a\"><\/div>\n\n\n\n<div class=\"gb-element-44963305\"><\/div>\n<\/div>\n\n\n\n<p class=\"gb-text gb-text-8c115539\">Realizamos maniobras de precisi\u00f3n para montaje, desmontaje o reubicaci\u00f3n de estructuras, con planificaci\u00f3n previa y medidas de seguridad en terreno.<\/p>\n<\/div>\n\n\n\n<div class=\"gb-element-662dc1a3\">\n<div class=\"gb-text-2fe8e25a\"><span class=\"gb-shape\"><svg aria-hidden=\"true\" role=\"img\" height=\"1em\" width=\"1em\" viewBox=\"0 0 512 512\" xmlns=\"http:\/\/www.w3.org\/2000\/svg\"><path fill=\"currentColor\" d=\"M256 8C119.033 8 8 119.033 8 256s111.033 248 248 248 248-111.033 248-248S392.967 8 256 8zm0 48c110.532 0 200 89.451 200 200 0 110.532-89.451 200-200 200-110.532 0-200-89.451-200-200 0-110.532 89.451-200 200-200m140.204 130.267l-22.536-22.718c-4.667-4.705-12.265-4.736-16.97-.068L215.346 303.697l-59.792-60.277c-4.667-4.705-12.265-4.736-16.97-.069l-22.719 22.536c-4.705 4.667-4.736 12.265-.068 16.971l90.781 91.516c4.667 4.705 12.265 4.736 16.97.068l172.589-171.204c4.704-4.668 4.734-12.266.067-16.971z\"><\/path><\/svg><\/span><\/div>\n\n\n\n<h4 class=\"gb-text gb-text-d6c608dc\">Maniobras Especiales<\/h4>\n\n\n\n<div class=\"gb-element-8e6199f5\">\n<div class=\"gb-element-d13cb3c4\"><\/div>\n\n\n\n<div class=\"gb-element-5f44264b\"><\/div>\n<\/div>\n\n\n\n<p class=\"gb-text gb-text-7c97ef5e\">Brindamos soluciones personalizadas para movimientos complejos o de dif\u00edcil acceso, evaluando cada caso para garantizar la mayor eficiencia operativa.<\/p>\n<\/div>\n<\/div>\n<\/section>\n\n\n\n<section class=\"gb-element-1ebfa5eb\">\n<div class=\"gb-element-8f56681e\">\n<p class=\"gb-text gb-text-f3ddae0d\">Testimonios<\/p>\n\n\n\n<h3 class=\"gb-text gb-text-9b37304f\">La confianza de nuestros clientes nos respalda<\/h3>\n\n\n\n<p class=\"gb-text gb-text-2b9825c4\">La satisfacci\u00f3n de nuestros clientes refleja nuestro compromiso con la seguridad, la eficiencia y la calidad en cada servicio. En Don Gr\u00faa, cada maniobra es una oportunidad para cumplir con responsabilidad y confianza.<\/p>\n\n\n\n<div class=\"gb-element-07102153\">\n<div class=\"gb-element-e8c4ec30\">\n<div class=\"gb-element-66c3242c\"><\/div>\n\n\n\n<div class=\"gb-element-bd6c49de\">\n<p class=\"gb-text gb-text-83050f5a\"><em>Carlos Mu\u00f1oz<\/em><\/p>\n\n\n\n<p class=\"gb-text gb-text-fada413f\">servicio y puntualidad<\/p>\n\n\n\n<p class=\"gb-text gb-text-e539aeb1\">Necesit\u00e1bamos trasladar un contenedor y todo se coordin\u00f3 r\u00e1pido y sin complicaciones. El operador muy profesional y el trabajo qued\u00f3 perfecto.<\/p>\n<\/div>\n<\/div>\n\n\n\n<div class=\"gb-element-0f993cd0\">\n<div class=\"gb-element-4d92acfb\"><\/div>\n\n\n\n<div class=\"gb-element-f80ab6fc\">\n<p class=\"gb-text gb-text-7455c6ba\"><em>Mar\u00eda L\u00f3pez<\/em><\/p>\n\n\n\n<p class=\"gb-text gb-text-8ac1dfc4\">Seguros y responsables<\/p>\n\n\n\n<p class=\"gb-text gb-text-ae4db87f\">Hemos trabajado con Don Grua en varias obras y siempre cumplen con las normas de seguridad y los tiempos acordados. 100% recomendados.<\/p>\n<\/div>\n<\/div>\n\n\n\n<div class=\"gb-element-65b3e296\">\n<div class=\"gb-element-60647a01\"><\/div>\n\n\n\n<div class=\"gb-element-4c85c3ec\">\n<p class=\"gb-text gb-text-f74617b4\"><em>Rodrigo Herrera<\/em><\/p>\n\n\n\n<p class=\"gb-text gb-text-02e7003f\">Soluci\u00f3n r\u00e1pida y eficiente.<\/p>\n\n\n\n<p class=\"gb-text gb-text-7382909f\">Tuvimos una emergencia con el desmontaje de maquinaria pesada y respondieron de inmediato. Muy buen trato y servicio confiable.<\/p>\n<\/div>\n<\/div>\n<\/div>\n<\/div>\n<\/section>\n","protected":false},"excerpt":{"rendered":"<p>Eficiencia, seguridad y confianza en cada maniobra Arriendo de Gr\u00faas Pluma en Santiago Somos una empresa especializada en gr\u00faas pluma dedicada al traslado, carga, descarga y posicionamiento de equipos, maquinarias y estructuras, con un enfoque personalizado y profesional. Cotizar: +56957125144 Nos adaptamos a tus necesidades para garantizar un servicio seguro, r\u00e1pido y disponible cuando lo &#8230; <a title=\"Home\" class=\"read-more\" href=\"https:\/\/dongrua.cl\/\" aria-label=\"Leer m\u00e1s sobre Home\">Leer m\u00e1s<\/a><\/p>\n","protected":false},"author":1,"featured_media":0,"parent":0,"menu_order":0,"comment_status":"closed","ping_status":"open","template":"","meta":{"_joinchat":[],"footnotes":""},"class_list":["post-1199","page","type-page","status-publish"],"_links":{"self":[{"href":"https:\/\/dongrua.cl\/index.php\/wp-json\/wp\/v2\/pages\/1199","targetHints":{"allow":["GET"]}}],"collection":[{"href":"https:\/\/dongrua.cl\/index.php\/wp-json\/wp\/v2\/pages"}],"about":[{"href":"https:\/\/dongrua.cl\/index.php\/wp-json\/wp\/v2\/types\/page"}],"author":[{"embeddable":true,"href":"https:\/\/dongrua.cl\/index.php\/wp-json\/wp\/v2\/users\/1"}],"replies":[{"embeddable":true,"href":"https:\/\/dongrua.cl\/index.php\/wp-json\/wp\/v2\/comments?post=1199"}],"version-history":[{"count":48,"href":"https:\/\/dongrua.cl\/index.php\/wp-json\/wp\/v2\/pages\/1199\/revisions"}],"predecessor-version":[{"id":1330,"href":"https:\/\/dongrua.cl\/index.php\/wp-json\/wp\/v2\/pages\/1199\/revisions\/1330"}],"wp:attachment":[{"href":"https:\/\/dongrua.cl\/index.php\/wp-json\/wp\/v2\/media?parent=1199"}],"curies":[{"name":"wp","href":"https:\/\/api.w.org\/{rel}","templated":true}]}}